{"id":19,"date":"2025-09-18T18:57:39","date_gmt":"2025-09-18T18:57:39","guid":{"rendered":"https:\/\/publicaciones-pmv.co\/?page_id=19"},"modified":"2026-02-05T13:32:55","modified_gmt":"2026-02-05T18:32:55","slug":"empresas-reconocidas","status":"publish","type":"page","link":"https:\/\/publicaciones-pmv.co\/index.php\/empresas-reconocidas\/","title":{"rendered":"Entrevistas Empresas"},"content":{"rendered":"\n<p style=\"text-align: justify\";>En esta secci\u00f3n presentamos las voces de las empresas que han sido reconocidas por su contribuci\u00f3n al fortalecimiento del Estado colombiano y por compartir los principios del <strong>Plan Nacional de Desarrollo Colombia, Potencia Mundial de la Vida. <\/strong><\/p>\n\n\n\n<p style=\"text-align: justify\";>A trav\u00e9s de estas entrevistas, conocer\u00e1s c\u00f3mo su <strong>labor, visi\u00f3n y compromiso<\/strong> han impactado positivamente en la gesti\u00f3n p\u00fablica, el desarrollo territorial y la construcci\u00f3n de una Colombia m\u00e1s equitativa, sostenible y conectada con su prop\u00f3sito nacional. <\/p>\n\n\n\n<hr class=\"wp-block-separator has-alpha-channel-opacity\" style=\"margin-top:var(--wp--preset--spacing--40);margin-bottom:var(--wp--preset--spacing--40)\"\/>\n\n\n\n<figure class=\"wp-block-embed is-type-video is-provider-youtube wp-block-embed-youtube wp-embed-aspect-16-9 wp-has-aspect-ratio\"><div class=\"wp-block-embed__wrapper\">\n<iframe loading=\"lazy\" title=\"SOMEX S.A.S. || L\u00edderes en el Sector Agropecuario y Pecuario 2025 || Libro Conmemorativo ICA\" width=\"640\" height=\"360\" src=\"https:\/\/www.youtube.com\/embed\/uqiS2lxAtNQ?feature=oembed\" frameborder=\"0\" allow=\"accelerometer; autoplay; clipboard-write; encrypted-media; gyroscope; picture-in-picture; web-share\" referrerpolicy=\"strict-origin-when-cross-origin\" allowfullscreen><\/iframe>\n<\/div><figcaption class=\"wp-element-caption\"><strong>SOMEX S.A.S. || L\u00edderes en el Sector Agropecuario y Pecuario 2025 || Libro Conmemorativo ICA<\/strong><\/figcaption><\/figure>\n\n\n\n<p><\/p>\n","protected":false},"excerpt":{"rendered":"<p>En esta secci\u00f3n presentamos las voces de las empresas que<\/p>\n","protected":false},"author":2,"featured_media":0,"parent":0,"menu_order":0,"comment_status":"closed","ping_status":"closed","template":"","meta":{"footnotes":""},"class_list":["post-19","page","type-page","status-publish","hentry"],"_links":{"self":[{"href":"https:\/\/publicaciones-pmv.co\/index.php\/wp-json\/wp\/v2\/pages\/19","targetHints":{"allow":["GET"]}}],"collection":[{"href":"https:\/\/publicaciones-pmv.co\/index.php\/wp-json\/wp\/v2\/pages"}],"about":[{"href":"https:\/\/publicaciones-pmv.co\/index.php\/wp-json\/wp\/v2\/types\/page"}],"author":[{"embeddable":true,"href":"https:\/\/publicaciones-pmv.co\/index.php\/wp-json\/wp\/v2\/users\/2"}],"replies":[{"embeddable":true,"href":"https:\/\/publicaciones-pmv.co\/index.php\/wp-json\/wp\/v2\/comments?post=19"}],"version-history":[{"count":4,"href":"https:\/\/publicaciones-pmv.co\/index.php\/wp-json\/wp\/v2\/pages\/19\/revisions"}],"predecessor-version":[{"id":455,"href":"https:\/\/publicaciones-pmv.co\/index.php\/wp-json\/wp\/v2\/pages\/19\/revisions\/455"}],"wp:attachment":[{"href":"https:\/\/publicaciones-pmv.co\/index.php\/wp-json\/wp\/v2\/media?parent=19"}],"curies":[{"name":"wp","href":"https:\/\/api.w.org\/{rel}","templated":true}]}}

<p style="text-align: justify";>En esta sección presentamos las voces de las empresas que han sido reconocidas por su contribución al fortalecimiento del Estado colombiano y por compartir los principios del <strong>Plan Nacional de Desarrollo Colombia, Potencia Mundial de la Vida. </strong></p>



<p style="text-align: justify";>A través de estas entrevistas, conocerás cómo su <strong>labor, visión y compromiso</strong> han impactado positivamente en la gestión pública, el desarrollo territorial y la construcción de una Colombia más equitativa, sostenible y conectada con su propósito nacional. </p>



<hr class="wp-block-separator has-alpha-channel-opacity" style="margin-top:var(--wp--preset--spacing--40);margin-bottom:var(--wp--preset--spacing--40)"/>



<figure class="wp-block-embed is-type-video is-provider-youtube wp-block-embed-youtube wp-embed-aspect-16-9 wp-has-aspect-ratio"><div class="wp-block-embed__wrapper">
<iframe loading="lazy" title="SOMEX S.A.S. || Líderes en el Sector Agropecuario y Pecuario 2025 || Libro Conmemorativo ICA" width="640" height="360" src="https://www.youtube.com/embed/uqiS2lxAtNQ?feature=oembed" frameborder="0" allow="accelerometer; autoplay; clipboard-write; encrypted-media; gyroscope; picture-in-picture; web-share" referrerpolicy="strict-origin-when-cross-origin" allowfullscreen></iframe>
</div><figcaption class="wp-element-caption"><strong>SOMEX S.A.S. || Líderes en el Sector Agropecuario y Pecuario 2025 || Libro Conmemorativo ICA</strong></figcaption></figure>



<p></p>

<p>En esta sección presentamos las voces de las empresas que</p>
